j*r = -100. What is the units digit of r?
0
Let t = -28 - -28. Suppose t*g + g - 46 = 0. What is the units digit of g?
6
Suppose 104 = -5*p + 3*l + 349, -3*p - 4*l + 118 = 0. Let g be 1/(-3) + p/(-6). What is the units digit of (-4)/((g/13)/4)?
6
Let g(u) = -2*u + 275. What is the tens digit of g(-12)?
9
Suppose 3*o - 1524 - 2958 = 0. What is the units digit of o?
4
Let k(f) = 4*f + 9. Let a be k(4). What is the units digit of (-15)/(-6)*30/a?
3
Let h = -67 + 208. What is the units digit of h?
1
Suppose -20*t + 16*t = -2924. Suppose 301 = 8*a - t. What is the hundreds digit of a?
1
Let u = 28 + -22. Let l(c) = c**3 - 2*c**2 - 19. What is the hundreds digit of l(u)?
1
Let y(n) = -4*n - 182. Let r be y(-46). Suppose 4*b = -4*g + 124, 0*b + 5*g - 125 = -4*b. Let c = r + b. What is the tens digit of c?
3
Let p(j) = -45*j + 4119. What is the units digit of p(0)?
9
Let y = 130 + 39. What is the tens digit of y?
6
Let q be 4*(-4)/(1 + 3). Let r be (0/(-3))/(q/(-4)). Suppose 5*c = r, -m + 3*c = 2 - 15. What is the units digit of m?
3
What is the units digit of 524 - (20/(-3))/(-10)*-6?
8
What is the hundreds digit of (676/130)/((-2)/870*-3)?
7
Let b(s) = 8*s**3 + 3*s**2 + 19*s - 17. What is the units digit of b(7)?
7
Suppose -5*s + u - 471 = -6*s, 0 = 3*s - 4*u - 1420. What is the tens digit of s?
7
Suppose 5*u + 0*u - 25 = 0. Suppose -3*f + s - 5 = -24, 0 = -u*f - 3*s + 27. What is the units digit of 2 + 1 + -3 + f?
6
Let o be 445*(-3 - 84/(-20)). Let p = o + -361. What is the units digit of p?
3
Suppose 0 = -3*a - 12, 0*z + 2*a - 10 = 3*z. What is the units digit of ((-3)/(-2))/(z/(-136))?
4
Suppose 0 = a + 6 - 2. Let c = a - -2. What is the tens digit of ((-1)/c)/(5/160)?
1
Let i(m) be the first derivative of 8*m**2 - 9*m + 10. What is the tens digit of i(6)?
8
Let z = -6 - -9. Suppose -2*j = -4*k + 134, 0 = 4*k - j - z*j - 144. Let a = k - 16. What is the units digit of a?
5
Let i(c) = 90*c**2 + 4*c + 3. Let x be i(-1). Suppose n - x = -r, -5*r - n + 263 = -2*r. What is the units digit of r?
7
Let g(r) = 3*r**2 + 4*r + 1. Let v be g(5). Suppose -v = -h - 3*j + 161, h - 3*j - 269 = 0. What is the hundreds digit of h?
2
Let u = -375 - -226. Let x = 31 - u. What is the tens digit of x?
8
Suppose -2*k - 5*l + 1541 = 0, -l + 2*l + 2286 = 3*k. What is the units digit of k?
3
Let a(l) = -l. Let c be a(-1). Let t = 1 - c. Suppose -3*u - 2*u + 110 = t. What is the tens digit of u?
2
Let o = 7261 - 3932. What is the tens digit of o?
2
Suppose 0 = -7*w + 6*w. Suppose 12 = 3*r - w*r. Suppose -2*f + 31 = 3*x, r*x = 2*f + 8 + 24. What is the units digit of x?
9
Let z(j) = 642*j + 48. What is the units digit of z(1)?
0
Let i(f) = -f - 38. Let n be i(-25). Let l = n + 48. What is the units digit of l?
5
Suppose -5*f - 25 = 15. Let p = 23 + f. What is the tens digit of p?
1
Suppose 5*y = 11*y - 1218. What is the tens digit of y?
0
Let u = 593 + -353. Suppose 5*j - j = u. What is the tens digit of j?
6
Let o(r) = 30*r + 12. Let s be o(5). Suppose 6*l - 3*l = s. Let t = l - 30. What is the units digit of t?
4
Let o be (-1)/(12180/3044 - 4) + 1. What is the units digit of o/(-6)*(7/2 - 2)?
0
Suppose 0 = y + 6*a - 7*a - 40, -y + 44 = -5*a. What is the tens digit of y?
3
Let w = -77 - 136. Let x = 359 + w. What is the tens digit of x?
4
Let i = 4873 + -3241. What is the thousands digit of i?
1
Suppose 8615 = -5*n + 25185. What is the units digit of n?
4
What is the hundreds digit of (-3658)/(-6) - 4/(-3)?
6
Let m = 20 + -12. Suppose -16*i = 4*i - 60. Let g = m - i. What is the units digit of g?
5
Suppose 0*k = -4*v - 2*k + 60, -5*v + k = -89. Suppose -5*p + 13 + v = 0. What is the units digit of (99/p - 1)*2?
1
Let i = -36 - -27. What is the units digit of 38*(i/15)/((-2)/5)?
7
Suppose -150 + 3621 = 13*u. What is the hundreds digit of u?
2
Let o(g) = -g**3 - 4*g**2 - 3*g - 7. Let k(a) = a**3 - 16*a**2 - 6. Let l be k(16). What is the tens digit of o(l)?
8
Suppose -33721 = -47*p + 13138. What is the tens digit of p?
9
Let o = -46 - -52. Suppose -h + o = -t, 6*h = 3*h - t + 6. What is the units digit of h?
3
Let c = -9282 + 14934. What is the tens digit of c?
5
Suppose 0 = -5*w + 433 + 1222. Let v = w - 97. What is the tens digit of v?
3
Let n be 336/49 + -7 - 197/(-7). Suppose -3*z - n = -145. What is the tens digit of z?
3
Let c be 57 - (6 + (-5 - -3)). Let s = c - 25. What is the tens digit of s?
2
Let p(z) = 173*z + 9. What is the units digit of p(2)?
5
Let f(a) = -a**3 + 6*a**2 - 6. Let d be f(6). Suppose 2 = 4*q + v - 7, -3*v = 9. What is the units digit of (q/d + 2)*2?
3
Let q be -5 - 6 - (-1 + 4). Let f = -3 - q. Suppose -u + 7 = -f. What is the tens digit of u?
1
Let l(f) = 24*f**2 - 8*f - 5. Let r be l(-5). Let u = -423 + r. What is the units digit of u?
2
Let z(n) = -n**3 + 7*n**2 - 5*n - 9. Let i be z(5). Suppose -11*t = -i*t. Suppose 0 = -2*v - t*v - j + 129, -4*v + 251 = -5*j. What is the tens digit of v?
6
Let h(q) be the first derivative of 17*q**2 - 2*q + 9. Let m be 2*3/(-6)*-1. What is the tens digit of h(m)?
3
Suppose -15*r + 845 + 6850 = 0. What is the tens digit of r?
1
Suppose -33*j + 37*j = 0. Suppose 5*y = z - 230, 4*z - y - 4*y - 950 = j. What is the tens digit of z?
4
Let n be (1/(14/(-8)))/(18/(-126)). Let z be 329/4 + (-2)/8. Suppose -n*p + 6*p - z = 0. What is the tens digit of p?
4
Let a(z) = 198*z + 12. Let t be 1 + 0 + 0/(0 - 4). What is the tens digit of a(t)?
1
Let o be 210/55 + 2/11. Let i = 0 + o. What is the tens digit of 49/i + 15/(-60)?
1
Suppose 5*f = -0*f - 2*i + 150, -3*f - 3*i + 99 = 0. What is the tens digit of (f/(-42))/((-2)/39)?
1
Suppose -40*w - 2338 = -43*w - 5*z, 5*w - 4*z = 3909. What is the hundreds digit of w?
7
Let k(v) = -4*v + 27. Let m(t) = -4*t + 16. Let s be m(10). What is the tens digit of k(s)?
2
Suppose 4*y - 121 = -5. Suppose l - q - 3*q + y = 0, -3*l = q + 100. Let b = l - -53. What is the units digit of b?
0
Let j(y) = 40 + 40 - 2*y + y - 36. What is the tens digit of j(12)?
3
Suppose -1 = -6*d - 37. What is the tens digit of 615/d*12/(-15)?
8
Suppose -2*p = 2*h + 6, -2*p - p + 40 = -4*h. Let w = 4 + h. What is the units digit of (11 + -1)/(-1 - w)?
5
Let y(u) = u**3 - 8*u**2 + 5*u + 15. Let l be y(7). What is the units digit of (2/4)/(l/52)?
6
Let m be 6/9*6/(-4). Let z be -5*((-4)/(-10) + m). Suppose z*y + 6 = 72. What is the units digit of y?
2
Let w(a) = -6*a + 4. Let x be 3 + 40/((-12)/3). What is the tens digit of w(x)?
4
Let c(x) = x**3 - 8*x**2 + 6*x + 10. Let g be c(7). Suppose -g*p + 1 = -5. Suppose 3*m - 141 = p*j - 50, 3*j - 139 = -5*m. What is the units digit of m?
9
Let y(g) = -2*g**3 + 6*g + 2. Let t be y(-4). Let h = t + -182. Let k = 108 + h. What is the tens digit of k?
3
Suppose -2*x + 2355 = x - 3*m, -x = -3*m - 781. What is the hundreds digit of x?
7
Suppose -44*s = -46*s - 10, -5*s - 3976 = -3*u. What is the tens digit of u?
1
Suppose 25 = 3*z - 11. Suppose -5*h + h + 8 = 0, -h + z = o. Suppose -c + i + 25 = 0, 5*i + o - 59 = -c. What is the units digit of c?
9
Suppose s + 165 = -5*v + 1274, 5*v - s - 1111 = 0. Suppose -5*z + v = -2*z. What is the tens digit of z?
7
Let m = -2801 + 5590. What is the tens digit of m?
8
Let v(s) = s**2 + 10*s + 9. Let b be v(-9). Suppose c = -z - b*c - 2, -4*z + 3*c = -13. Suppose -z = -a + 19. What is the units digit of a?
0
Let i = 180 + -83. Let v be 4 + -1 + (-2 - -44). Let t = i - v. What is the units digit of t?
2
What is the units digit of 285 - 1*(1 + -1)*-1?
5
Let i(c) = 12*c**3 + 2*c**2 - 1. Let g(v) = v + 5. Let z be g(-6). Let j be i(z). Let r = 31 + j. What is the tens digit of r?
2
Suppose -24502 + 1510 = -24*s. What is the tens digit of s?
5
Let g(q) = 6*q**2 + 31*q + 29. What is the tens digit of g(-14)?
7
Let l = -5 + 896. What is the hundreds digit of l?
8
Suppose 3*z - 4*z - 20 = 0. What is the tens digit of (27/6)/((-3)/z)?
3
Suppose 2*a - 52 = 3*a + m, -a - 2*m = 49. Let n = a + 75. What is the tens digit of n?
2
Let b = -9 + 19. Suppose -51*o + 45*o + 1500 = 0. Suppose 5*c + o = b*c. What is the units digit of c?
0
Suppose 7*p - 12*p + 3*l = -16865, -4*p - l = -13475. What is the tens digit of p?
7
Let k(n) = -n**3 - n**2 + 5*n. Let r be k(-5). Suppose -5*q = -3*x - r, 2*q - x = -5*x + 56. Let m = 19 - q. What is the units dig